?
30
What is the remainder when 299361 is divided by 26?
23
Calculate the remainder when 67469 is divided by 6.
5
Calculate the remainder when 4198 is divided by 1255.
433
What is the remainder when 918 is divided by 55?
38
Calculate the remainder when 62796 is divided by 265.
256
Calculate the remainder when 6001 is divided by 594.
61
What is the remainder when 46794 is divided by 1269?
1110
What is the remainder when 16032 is divided by 1998?
48
What is the remainder when 5310 is divided by 47?
46
Calculate the remainder when 251397 is divided by 26.
3
What is the remainder when 80605 is divided by 683?
11
What is the remainder when 5134 is divided by 341?
19
Calculate the remainder when 872 is divided by 4.
0
Calculate the remainder when 5393 is divided by 286.
245
What is the remainder when 3888 is divided by 53?
19
Calculate the remainder when 5746 is divided by 463.
190
Calculate the remainder when 39581 is divided by 32.
29
Calculate the remainder when 7813397 is divided by 280.
277
What is the remainder when 89921 is divided by 29939?
104
Calculate the remainder when 22151 is divided by 885.
26
What is the remainder when 2099 is divided by 1046?
7
What is the remainder when 202548 is divided by 18411?
27
What is the remainder when 13932 is divided by 1300?
932
Calculate the remainder when 261581 is divided by 130786.
9
Calculate the remainder when 3179 is divided by 1587.
5
What is the remainder when 60106 is divided by 104?
98
Calculate the remainder when 3770 is divided by 590.
230
What is the remainder when 14103 is divided by 1566?
9
Calculate the remainder when 1343665 is divided by 49.
36
What is the remainder when 2398 is divided by 34?
18
What is the remainder when 1162 is divided by 1153?
9
What is the remainder when 157415 is divided by 170?
165
Calculate the remainder when 1338 is divided by 173.
127
What is the remainder when 780094 is divided by 390042?
10
Calculate the remainder when 7647 is divided by 2167.
1146
Calculate the remainder when 1426 is divided by 128.
18
What is the remainder when 120220 is divided by 15?
10
Calculate the remainder when 99659 is divided by 330.
329
Calculate the remainder when 2394 is divided by 156.
54
What is the remainder when 46814 is divided by 34?
30
What is the remainder when 7860 is divided by 3922?
16
Calculate the remainder when 12894 is divided by 31.
29
Calculate the remainder when 619029 is divided by 24.
21
Calculate the remainder when 52093 is divided by 404.
381
Calculate the remainder when 2229 is divided by 79.
17
Calculate the remainder when 16874 is divided by 4217.
6
What is the remainder when 22228 is divided by 1010?
8
Calculate the remainder when 143186 is divided by 222.
218
Calculate the remainder when 2614328 is divided by 53.
50
What is the remainder when 660653 is divided by 289?
288
Calculate the remainder when 17413 is divided by 4247.
425
Calculate the remainder when 808 is divided by 39.
28
What is the remainder when 443301 is divided by 393?
390
What is the remainder when 16130 is divided by 1792?
2
What is the remainder when 33476 is divided by 186?
182
What is the remainder when 38380 is divided by 9588?
28
Calculate the remainder when 2717 is divided by 4.
1
What is the remainder when 22858 is divided by 74?
66
What is the remainder when 11255 is divided by 47?
22
What is the remainder when 18219 is divided by 2274?
27
What is the remainder when 21156 is divided by 20850?
306
What is the remainder when 40803 is divided by 358?
349
Calculate the remainder when 6139 is divided by 228.
211
What is the remainder when 11865 is divided by 48?
9
What is the remainder when 33693 is divided by 16844?
5
What is the remainder when 1729 is divided by 464?
337
What is the remainder when 49699 is divided by 9939?
4
What is the remainder when 11988 is divided by 3982?
42
Calculate the remainder when 3788 is divided by 153.
116
What is the remainder when 10241 is divided by 52?
49
Calculate the remainder when 1193 is divided by 30.
23
What is the remainder when 7062 is divided by 879?
30
What is the remainder when 9387 is divided by 59?
6
Calculate the remainder when 1236 is divided by 217.
151
Calculate the remainder when 148203 is divided by 150.
3
Calculate the remainder when 4808 is divided by 300.
8
Calculate the remainder when 7952 is divided by 180.
32
What is the remainder when 1063129 is divided by 911?
903
What is the remainder when 229129 is divided by 145?
29
What is the remainder when 13676 is divided by 79?
9
Calculate the remainder when 2262 is divided by 1050.
162
Calculate the remainder when 12501 is divided by 184.
173
What is the remainder when 2522 is divided by 626?
18
What is the remainder when 2621 is divided by 12?
5
Calculate the remainder when 88026 is divided by 28.
22
What is the remainder when 3586166 is divided by 904?
902
Calculate the remainder when 231124 is divided by 145.
139
What is the remainder when 38198 is divided by 3810?
98
Calculate the remainder when 36204 is divided by 1724.
0
Calculate the remainder when 192646 is divided by 98.
76
What is the remainder when 8269 is divided by 592?
573
Calculate the remainder when 115153 is divided by 2450.
3
Calculate the remainder when 10555 is divided by 116.
115
What is the remainder when 102673 is divided by 400?
273
Calculate the remainder when 571376 is divided by 3192.
8
Calculate the remainder when 1102 is divided by 77.
24
What is the remainder when 31893 is divided by 316?
293
What is the remainder when 240 is divided by 226?
14
Calculate the remainder when 28545 is divided by 172.
165
Calculate the remainder when 301662 is divided by 367.
355
Calculate the remainder when 1661 is divided by 1484.
177
Calculate the remainder when 14514 is divided by 79.
57
What is the remainder when 236185 is divided by 137?
134
Calculate the remainder when 138506 is divided by 81.
77
What is the remainder when 5690 is divided by 1895?
5
What is the remainder when 2062 is divided by 138?
130
Calculate the remainder when 170 is divided by 165.
5
Calculate the remainder when 1517 is divided by 187.
21
Calculate the remainder when 2489734 is divided by 1371.
1369
Calculate the remainder when 26691 is divided by 889.
21
Calculate the remainder when 382875 is divided by 11.
9
Calculate the remainder when 12554 is divided by 225.
179
Calculate the remainder when 203971 is divided by 13598.
1
What is the remainder when 9803 is divided by 816?
11
Calculate the remainder when 97684 is divided by 6.
4
What is the remainder when 5554 is divided by 111?
4
What is the remainder when 263386 is divided by 57?
46
What is the remainder when 4411509 is divided by 37?
36
Calculate the remainder when 29228 is divided by 86.
74
Calculate the remainder when 5996 is divided by 34.
12
What is the remainder when 5029 is divided by 1295?
1144
What is the remainder when 246157 is divided by 68?
65
What is the remainder when 33746 is divided by 55?
31
Calculate the remainder when 732 is divided by 368.
364
Calculate the remainder when 122058 is divided by 28.
6
What is the remainder when 240321 is divided by 1220?
1201
What is the remainder when 35692 is divided by 489?
484
Calculate the remainder when 172257 is divided by 330.
327
Calculate the remainder when 248282 is divided by 17.
14
Calculate the remainder when 4414 is divided by 54.
40
Calculate the remainder when 5983 is divided by 1335.
643
What is the remainder when 374882 is divided by 4260?
2
Calculate the remainder when 12501 is divided by 1247.
31
What is the remainder when 1828 is divided by 448?
36
What is the remainder when 15477 is divided by 46?
21
Calculate the remainder when 51256 is divided by 899.
13
What is the remainder when 10207 is divided by 3386?
49
What is the remainder when 457807 is divided by 17?
14
What is the remainder when 51285 is divided by 1046?
31
Calculate the remainder when 6134 is divided by 5300.
834
What is the remainder when 51792 is divided by 25859?
74
Calculate the remainder when 11165 is divided by 5558.
49
Calculate the remainder when 8959 is divided by 559.
15
What is the remainder when 208739 is divided by 2152?
2147
What is the remainder when 458 is divided by 326?
132
What is the remainder when 2024743 is divided by 32